hen 15 is divided by a.
3
Suppose -3*t + u = -56, -t - 2*t + 41 = 2*u. Suppose -2*w + 9 + t = 4*o, 3*o = 2*w - 19. Calculate the remainder when 20 is divided by w.
9
Let j be (3 + -7)/(-4) + 1. Suppose 0*r = -5*r + j*c + 58, -2*c = 8. Calculate the remainder when 49 is divided by r.
9
Suppose -73 + 22 = -3*g. Let t be -1*(g + 0 + -2). Calculate the remainder when 16 is divided by (6/(-5))/(2/t).
7
Let b = 152 - 139. What is the remainder when 37 is divided by b?
11
Suppose -2*z = -0*z. Suppose 5*k = -z*k - s + 178, 50 = k + 5*s. What is the remainder when k is divided by (3 - 4)/((4/2)/(-24))?
11
Let o(i) = -i + 12. Let u be o(10). Suppose j - 4*g - 1 = 2, 2*j - 46 = -u*g. Calculate the remainder when 55 is divided by j.
17
Suppose -3*z - 8 = -14. Calculate the remainder when 16 is divided by z.
0
Let h = 6 - -14. Calculate the remainder when h is divided by 11.
9
Calculate the remainder when 50 is divided by 6/(-10) + 264/15.
16
Let c = 26 + -3. Suppose 2*l + 17 = -3*h, c = -5*h + l + l. Calculate the remainder when 34 is divided by (-50)/h + 1*2.
10
Let a(d) = d**2 + d + 2. Let w be a(0). Suppose 3*s = -2*g - 0*s + w, 6 = 2*g + 2*s. What is the remainder when (-45)/3*(-4)/3 is divided by g?
6
Suppose 0 = -2*h + 36 + 24. Suppose 5*k - 9*k = 4*n - 68, -3*k + 19 = n. Calculate the remainder when h is divided by n.
14
Let x(a) = -3*a. Let w be x(-1). Suppose 0 = 5*m - 115 - 110. Suppose 0*s = -w*s + m. Calculate the remainder when 44 is divided by s.
14
Calculate the remainder when 34 is divided by (2 - 3) + (1 - -10).
4
Let i(a) = 22*a - 46. Calculate the remainder when i(6) is divided by 22.
20
Let h(y) = -3*y + 9. What is the remainder when 117 is divided by h(-5)?
21
Suppose 0 = 5*v + 2*c - 3*c - 115, -2*v + 46 = -3*c. Calculate the remainder when v is divided by (-2)/8*-13*4.
10
Suppose -4*c + 5*c - 4 = 0. Calculate the remainder when 21 is divided by c.
1
What is the remainder when (4/(-1))/((-12)/15) is divided by (-6)/(-4)*(-4)/(-3)?
1
Let c(l) = -7*l**2 + 3*l**3 + 1 + l**2 - 2*l**3. Calculate the remainder when c(6) is divided by 1.
0
Suppose -w - 3*l = -8*l + 15, -l - 11 = -3*w. Suppose 65 = w*d - 105. What is the remainder when (-2 - -2) + (d - 0) is divided by 12?
10
Let j(d) = -3*d. Let f be j(-8). Let g be 1*(-1 - 2*-4). Let q = f - g. Calculate the remainder when 50 is divided by q.
16
Calculate the remainder when 66 + (3 - (-1 + 3)) is divided by (-1)/(-2) + (-270)/(-12).
21
Let z(j) be the third derivative of -j**4/6 - j**3/2 - j**2. Calculate the remainder when z(-7) is divided by 13.
12
Let l = 0 + 1. Suppose -15 = q - 26. Calculate the remainder when (6/(-3))/(l/(-15)) is divided by q.
8
Suppose -44 = -4*t + 84. Let c = -22 + t. Calculate the remainder when c is divided by 2.
0
Suppose 0 = -4*t + 8 + 8. Suppose -v = 3*v - t. Calculate the remainder when v is divided by 1.
0
Calculate the remainder when 6 is divided by 2/(-2) - (-3 - -7 - 7).
0
Let f(n) = -n**2 - 16*n + 19. Calculate the remainder when f(-14) is divided by 26.
21
Let d be 2/(-1*6/(-9)). Suppose -196 = -5*b + 3*x + 56, 2*x = d*b - 152. Let s = b + -34. Calculate the remainder when 26 is divided by s.
12
Let i(h) = -3*h - 1. Let j(a) = -8*a - 3. Let v(g) = 17*i(g) - 6*j(g). Calculate the remainder when v(-4) is divided by (-1)/3 + 66/9.
6
Let n = -53 - -96. Let v(j) be the first derivative of 3*j**2/2 - 1. What is the remainder when n is divided by v(5)?
13
Let f(o) = -7*o**3 - 4*o**2 + o + 7. Let b(y) = -21*y**3 - 11*y**2 + 3*y + 20. Let u(k) = -6*b(k) + 17*f(k). Calculate the remainder when u(2) is divided by 12.
9
Let x(u) = -u**3. Let f(a) = 6*a**2 + 2*a - 5. Let c(h) = f(h) - x(h). What is the remainder when c(-4) is divided by 5?
4
Let o(g) = -g**3 + g**2 - g - 2. Let l be o(0). Let i be 4/(-10) - 17/(-5). Calculate the remainder when 8 is divided by (1/l + i)*2.
3
Suppose -u - 3*i + 14 = -0*u, -5*i - 6 = -2*u. Let y(t) = t**3 + 25*t**2 + 24*t + 29. What is the remainder when y(-24) is divided by u?
5
What is the remainder when 21 is divided by (4/(-10))/1*100/(-8)?
1
Let b(g) = g**2 - 6*g + 6. Let d be b(5). Suppose -3*f + 124 = d. Suppose 15 = -2*o + f. What is the remainder when 49 is divided by o?
10
Let b be 4/(-10) - 254/(-10). Suppose 2*t = t + 5*i - 11, t - i + 11 = 0. Let r = t + b. What is the remainder when 26 is divided by r?
12
Let p(s) = -16*s - 2. Let f be p(-8). Suppose 34 - f = -4*v. What is the remainder when v is divided by 12?
11
Suppose 5*w + 7*s - 3*s + 773 = 0, -4*w = -5*s + 643. Let f = w - -81. Let h = f + 114. What is the remainder when h is divided by 13?
12
Let p(j) = j**3 - 6*j**2 + 5*j + 1. Calculate the remainder when 59 is divided by p(6).
28
What is the remainder when 83 is divided by -2 + 45/25 - (-282)/10?
27
Let w be (18/27)/((-4)/6). What is the remainder when 89 is divided by w/((-88)/(-92) - 1)?
20
Suppose -8*i + 4*i = -2*s - 122, 0 = 2*i - 2*s - 64. Calculate the remainder when 57 is divided by i.
28
Let y(o) = -o + 1. Let t be 2/(3/((-63)/(-2))). What is the remainder when 4/(-6) + 119/t is divided by y(-2)?
2
Let y(f) = -f**3 - 7*f**2 + 8*f + 2. Let d be y(-8). Suppose d*t + 3*t - 35 = 0. What is the remainder when t is divided by 4?
3
Let h(x) = -x**3 - 15*x**2 + 55*x + 28. Let p be (-3)/(-2)*(-8)/(-6). Calculate the remainder when 104/6 + p/(-6) is divided by h(-18).
7
Let s(a) = a**3 - 4*a**2 - 3*a + 3. Let z be s(6). Suppose n + 18 = t + z, -n - 4*t = -19. Calculate the remainder when n is divided by 9.
8
Let z = -30 - -88. Calculate the remainder when z is divided by 12.
10
Let i be (-1)/(-2) - 18/(-4). Let x(a) = 26*a + 4. Let n be x(3). Suppose 3 + n = i*b. What is the remainder when 32 is divided by b?
15
Suppose 0*o + o = 4. Suppose 2*i = 6*i - 2*s + 16, -i - 2*s - o = 0. What is the remainder when 23 + 7/(14/i) is divided by 6?
3
Let r = -111 + 122. Calculate the remainder when 41 is divided by r.
8
Suppose 0*t - 80 = -4*t. Suppose -79 = -0*b - b. What is the remainder when b is divided by t?
19
What is the remainder when 55 is divided by (-95)/2*12/(-30)?
17
Let b = 13 - 6. Suppose 11*v - v = 30. Calculate the remainder when b is divided by v.
1
Let t(u) = -u**3 + 11*u**2 + 2*u - 11. Calculate the remainder when 20 is divided by t(11).
9
Let k = -2 - 4. Let c be k/(-15)*(-10)/2. Let n = c + 6. What is the remainder when 6 is divided by n?
2
Suppose 36 = -5*d + 14*d. Calculate the remainder when 7 is divided by d.
3
Let y = -7 + 7. What is the remainder when 27 is divided by 7/(3/6 + y)?
13
Let y = 34 - 29. Calculate the remainder when 19 is divided by y.
4
Let j(p) = -p**3 - 6*p**2 + 7. Let l(x) = x**3 + x**2 - 6. Let g be l(0). Calculate the remainder when 26 is divided by j(g).
5
Let t = 5 + -2. Suppose t*g - 2*g = 17. Calculate the remainder when 254/8 + (-2)/(-8) is divided by g.
15
Let b = 0 + 2. Suppose b*m - 70 = 3*a - 5*a, -4*a = m - 41. Suppose -2*v - v + m = 0. Calculate the remainder when v is divided by 4.
3
Let g(h) = -h**2 - 4*h - 1. Let b be g(-3). Suppose b*d = d + 1. What is the remainder when d/2 - (-135)/6 is divided by 6?
5
What is the remainder when 27 is divided by -183*(-1)/12 - 2/8?
12
Let o(s) = -5*s - 58. What is the remainder when o(-21) is divided by 25?
22
Suppose 3*n = -0 + 36. Calculate the remainder when 20 is divided by n.
8
Let s(g) = g**3 + 4*g**2 - 2*g + 3. Suppose a = d + 5*a - 12, 4*a - 28 = 3*d. Let o be s(d). Suppose 3 = v - o. Calculate the remainder when 40 is divided by v.
12
Let w(l) = l**2 - 2. Let n be w(-2). Let a be -1 + -5*(1 - n). Suppose -a*x + 36 = -60. What is the remainder when x is divided by 13?
11
Let s = -36 - -54. Let i = 8 - -8. Let u = 26 - i. Calculate the remainder when s is divided by u.
8
Suppose 0 = s + g - 5, 4*g - 20 = s + s. Suppose 139 = 5*k + 4*m, 3*m = 3*k - s*m - 78. Calculate the remainder when k is divided by (-28)/(-2) - (-1)/1.
12
What is the remainder when (-244)/(-3) + (-2)/6 is divided by 21?
18
Suppose 5 + 5 = 5*v. Suppose 2*o - 2*c = 0, v*c - 2 = 4*o - 3*c. Suppose -4*m = 4, 47 = 4*q - o*m + 7*m. Calculate the remainder when q is divided by 7.
6
Suppose -r - 73 = -3*n + 4*r, -n + 2*r = -25. Let d(z) = 7 - 2*z - 4 + 3. Calculate the remainder when n is divided by d(0).
3
What is the remainder when 9 is divided by 4 - (1